43795?
5, 8548759
List the prime factors of 473041208.
2, 59130151
List the prime factors of 530141629.
19, 27902191
List the prime factors of 28153108.
2, 7038277
List the prime factors of 99370379.
99370379
What are the prime factors of 51385485?
3, 5, 61, 89, 631
List the prime factors of 1438094538.
2, 3, 79894141
What are the prime factors of 1417689736?
2, 751, 235967
List the prime factors of 791129453.
791129453
What are the prime factors of 264361634?
2, 1549, 85333
List the prime factors of 458361293.
13, 17, 159541
What are the prime factors of 194201790?
2, 3, 5, 101, 107, 599
What are the prime factors of 34757235?
3, 5, 79, 3259
List the prime factors of 36253498.
2, 157, 263, 439
What are the prime factors of 1337491412?
2, 397, 842249
What are the prime factors of 1110705809?
1110705809
What are the prime factors of 6290647555?
5, 47, 59, 453707
What are the prime factors of 85402184?
2, 7, 1525039
List the prime factors of 38230363.
4801, 7963
What are the prime factors of 4117011397?
17, 2383, 101627
List the prime factors of 66635414.
2, 41, 812627
List the prime factors of 148377361.
11, 1489, 9059
What are the prime factors of 167084290?
2, 5, 19, 879391
List the prime factors of 3788741.
11, 151, 2281
What are the prime factors of 58602767?
3823, 15329
List the prime factors of 29259894.
2, 3, 733, 6653
List the prime factors of 1608821046.
2, 3, 7, 241, 52981
What are the prime factors of 155605094?
2, 1873, 41539
What are the prime factors of 824444096?
2, 7, 349, 5273
What are the prime factors of 255637262?
2, 17, 29, 101, 151
List the prime factors of 146823068.
2, 7, 31, 169151
What are the prime factors of 1511304918?
2, 3, 43, 79, 74149
List the prime factors of 3353556529.
709, 4729981
List the prime factors of 156227702.
2, 587, 133073
List the prime factors of 1611597201.
3, 6701, 80167
What are the prime factors of 208567918?
2, 13, 67, 1787
What are the prime factors of 3950808747?
3, 1316936249
What are the prime factors of 18953984?
2, 7, 1511
What are the prime factors of 17085949?
103, 165883
List the prime factors of 141998367.
3, 7, 71, 131, 727
List the prime factors of 1841035951.
19, 96896629
List the prime factors of 245969249.
245969249
What are the prime factors of 2446082021?
19, 467, 275677
What are the prime factors of 190811020?
2, 5, 9540551
What are the prime factors of 34687993?
34687993
What are the prime factors of 5002970349?
3, 13, 10559, 12149
List the prime factors of 433226002.
2, 11, 19692091
List the prime factors of 92041733.
7, 13148819
List the prime factors of 236356547.
7, 823, 5861
List the prime factors of 404999009.
404999009
What are the prime factors of 963699717?
3, 321233239
What are the prime factors of 45640267?
45640267
What are the prime factors of 548216462?
2, 19, 31, 465379
List the prime factors of 484861033.
484861033
What are the prime factors of 4218077230?
2, 5, 17, 24812219
What are the prime factors of 12632375?
5, 7, 14437
What are the prime factors of 108434361?
3, 7, 881, 5861
What are the prime factors of 1564857591?
3, 11, 43, 233, 4733
What are the prime factors of 54312522?
2, 3, 11, 23, 37, 967
What are the prime factors of 32656959?
3, 1209517
List the prime factors of 101241977.
331, 305867
What are the prime factors of 1172037019?
107, 139, 78803
List the prime factors of 2654753190.
2, 3, 5, 71, 1246363
What are the prime factors of 2230165794?
2, 3, 371694299
List the prime factors of 621276860.
2, 5, 29, 907, 1181
What are the prime factors of 79671810?
2, 3, 5, 2655727
List the prime factors of 7071016737.
3, 17, 131, 1058377
List the prime factors of 18881035.
5, 1733, 2179
List the prime factors of 1662020907.
3, 43, 167, 179, 431
What are the prime factors of 543808960?
2, 5, 43, 39521
What are the prime factors of 1109894937?
3, 19, 79, 103, 2393
What are the prime factors of 851102345?
5, 241, 706309
What are the prime factors of 33195768?
2, 3, 127, 10891
What are the prime factors of 101351102?
2, 50675551
What are the prime factors of 1086885061?
389, 601, 4649
What are the prime factors of 2608995319?
7, 37, 271, 37171
What are the prime factors of 244307267?
2381, 102607
What are the prime factors of 32100957?
3, 7, 503, 1013
List the prime factors of 2467506610.
2, 5, 1361, 181301
What are the prime factors of 4035241903?
7, 11, 71, 738109
List the prime factors of 277776461.
31, 73, 131, 937
What are the prime factors of 2914549567?
107, 223, 122147
List the prime factors of 57312237.
3, 3623, 5273
List the prime factors of 2294602036.
2, 967, 593227
What are the prime factors of 1108860892?
2, 277215223
What are the prime factors of 30530875?
5, 244247
List the prime factors of 953651590.
2, 5, 95365159
What are the prime factors of 2415157761?
3, 3121, 257947
What are the prime factors of 6679605031?
11, 17, 751, 47563
List the prime factors of 290730627.
3, 11, 269, 1213
What are the prime factors of 2607130199?
367, 7103897
What are the prime factors of 3161876880?
2, 3, 5, 13174487
What are the prime factors of 166685520?
2, 3, 5, 694523
List the prime factors of 2413007768.
2, 41, 7356731
List the prime factors of 71618881.
71618881
List the prime factors of 101172654.
2, 3, 11, 31, 53, 311
List the prime factors of 277105544.
2, 34638193
What are the prime factors of 682157306?
2, 341078653
What are the prime factors of 1781325159?
3, 593775053
What are the prime factors of 5230496?
2, 149, 1097
What are the prime factors of 5543078?
2, 1033, 2683
What are the prime factors of 113497834?
2, 56748917
List the prime factors of 40361389.
23, 1754843
List the prime factors of 2539562084.
2, 634890521
List the prime factors of 240786451.
240786451
What are the prime factors of 4169950410?
2, 3, 5, 467, 297641
What are the prime factors of 85958603?
19, 89, 50833
List the prime factors of 496917356.
2, 13, 71, 134593
What are the prime factors of 489143940?
2, 3, 5, 41, 198839
What are the prime factors of 57876938?
2, 7, 31, 19051
List the prime factors of 39046231.
7, 367, 15199
List the prime factors of 671325751.
671325751
List the prime factors of 1738770005.
5, 7, 31, 1602553
What are the prime factors of 3518956982?
2, 67, 499, 52627
List the prime factors of 240601695.
3, 5, 31, 47, 101, 109
List the prime factors of 633528871.
633528871
List the prime factors of 13655599.
73, 283, 661
List the prime factors of 18573588.
2, 3, 11, 17, 31, 89
List the prime factors of 4905870565.
5, 941, 1042693
What are the prime factors of 154154166?
2, 3, 25692361
List the prime factors of 130965207.
3, 5657, 7717
List the prime factors of 2128642897.
557, 1597, 2393
List the prime factors of 50909381.
3041, 16741
What are the prime factors of 9798566?
2, 19, 257857
List the prime factors of 4680804209.
7853, 596053
List the prime factors of 319345526.
2, 103, 1550221
What are the prime factors of 229736922?
2, 3, 37, 229, 4519
What are the prime factors of 35860886?
2, 17930443
List the prime factors of 2616601.
13, 431, 467
List the prime factors of 133845344.
2, 4182667
List the prime factors of 91125090.
2, 3, 5, 7, 109, 1327
List the prime factors of 210838938.
2, 3, 35139823
List the prime factors of 103878906.
2, 3, 37, 491, 953
List the prime factors of 2790281331.
3, 373, 461, 601
What are the prime factors of 182190360?
2, 3, 5, 11, 17, 23, 353
What are the prime factors of 239980822?
2, 119990411
List the prime factors of 1679830574.
2, 839915287
What are the prime factors of 34775969?
34775969
What are the prime factors of 2262915838?
2, 3613, 313163
What are the prime factors of 202073895?
3, 5, 53, 193, 439
List the prime factors of 344673639.
3, 38297071
List the prime factors of 561890321.
661, 850061
List the prime factors of 15211039.
17, 19, 47093
What are the prime factors of 69944330?
2, 5, 6994433
What are the prime factors of 973993768?
2, 11, 29, 381659
What are the prime factors of 315143681?
315143681
What are the prime factors of 386922946?
2, 193461473
List the prime factors of 480947770.
2, 5, 181, 265717
List the prime factors of 3681762023.
3681762023
List the prime factors of 64271429.
64271429
List the prime factors of 102416236.
2, 13, 1969543
What are the prime factors of 71677847?
1093, 65579
Li